 the units digit of 270?
0
What is the hundreds digit of 5355?
3
What is the thousands digit of 15175?
5
What is the units digit of 817?
7
What is the thousands digit of 38379?
8
What is the tens digit of 6953?
5
What is the hundreds digit of 314?
3
What is the thousands digit of 6652?
6
What is the hundreds digit of 4710?
7
What is the hundreds digit of 724?
7
What is the hundreds digit of 160?
1
What is the units digit of 30754?
4
What is the hundreds digit of 7858?
8
What is the tens digit of 119?
1
What is the ten thousands digit of 41006?
4
What is the hundreds digit of 1572?
5
What is the thousands digit of 1404?
1
What is the hundreds digit of 609?
6
What is the tens digit of 6131?
3
What is the tens digit of 925?
2
What is the tens digit of 2290?
9
What is the tens digit of 6748?
4
What is the units digit of 8338?
8
What is the hundreds digit of 382?
3
What is the hundreds digit of 5482?
4
What is the ten thousands digit of 18402?
1
What is the thousands digit of 3155?
3
What is the hundreds digit of 52009?
0
What is the tens digit of 1274?
7
What is the hundreds digit of 31301?
3
What is the hundreds digit of 27370?
3
What is the tens digit of 70553?
5
What is the hundreds digit of 1293?
2
What is the hundreds digit of 903?
9
What is the tens digit of 7759?
5
What is the hundreds digit of 2130?
1
What is the units digit of 25810?
0
What is the thousands digit of 3973?
3
What is the thousands digit of 56355?
6
What is the tens digit of 230?
3
What is the units digit of 343?
3
What is the tens digit of 1162?
6
What is the thousands digit of 1445?
1
What is the tens digit of 6782?
8
What is the units digit of 2088?
8
What is the thousands digit of 3791?
3
What is the tens digit of 25567?
6
What is the tens digit of 20947?
4
What is the hundreds digit of 138?
1
What is the hundred thousands digit of 157541?
1
What is the tens digit of 110860?
6
What is the tens digit of 408?
0
What is the thousands digit of 47065?
7
What is the units digit of 12592?
2
What is the units digit of 2812?
2
What is the hundreds digit of 287?
2
What is the units digit of 68049?
9
What is the thousands digit of 41366?
1
What is the units digit of 8597?
7
What is the units digit of 25101?
1
What is the units digit of 23786?
6
What is the hundreds digit of 2179?
1
What is the tens digit of 88?
8
What is the ten thousands digit of 30900?
3
What is the hundreds digit of 25673?
6
What is the hundreds digit of 1700?
7
What is the hundreds digit of 693?
6
What is the units digit of 37?
7
What is the units digit of 78064?
4
What is the hundreds digit of 457?
4
What is the ten thousands digit of 27642?
2
What is the tens digit of 2810?
1
What is the thousands digit of 1732?
1
What is the hundreds digit of 1288?
2
What is the ten thousands digit of 35166?
3
What is the hundreds digit of 1899?
8
What is the hundreds digit of 19317?
3
What is the units digit of 3021?
1
What is the tens digit of 447?
4
What is the tens digit of 9608?
0
What is the hundreds digit of 19918?
9
What is the tens digit of 1114?
1
What is the thousands digit of 2976?
2
What is the units digit of 38491?
1
What is the hundreds digit of 10158?
1
What is the thousands digit of 3046?
3
What is the tens digit of 32324?
2
What is the units digit of 11336?
6
What is the hundreds digit of 73377?
3
What is the hundreds digit of 12683?
6
What is the thousands digit of 2920?
2
What is the thousands digit of 33885?
3
What is the thousands digit of 42107?
2
What is the tens digit of 6797?
9
What is the units digit of 3082?
2
What is the ten thousands digit of 64371?
6
What is the units digit of 8097?
7
What is the hundreds digit of 658?
6
What is the tens digit of 47970?
7
What is the tens digit of 32682?
8
What is the hundreds digit of 9356?
3
What is the tens digit of 36722?
2
What is the thousands digit of 24644?
4
What is the units digit of 6863?
3
What is the thousands digit of 27890?
7
What is the hundreds digit of 1208?
2
What is the thousands digit of 2212?
2
What is the thousands digit of 3870?
3
What is the tens digit of 4496?
9
What is the thousands digit of 8745?
8
What is the tens digit of 1518?
1
What is the units digit of 15281?
1
What is the thousands digit of 21091?
1
What is the ten thousands digit of 16713?
1
What is the units digit of 6403?
3
What is the hundreds digit of 11662?
6
What is the hundreds digit of 91459?
4
What is the tens digit of 1257?
5
What is the hundreds digit of 156?
1
What is the tens digit of 9816?
1
What is the units digit of 862?
2
What is the thousands digit of 97071?
7
What is the thousands digit of 8848?
8
What is the tens digit of 21990?
9
What is the hundreds digit of 17405?
4
What is the units digit of 2627?
7
What is the units digit of 46162?
2
What is the units digit of 4847?
7
What is the hundreds digit of 2849?
8
What is the tens digit of 79703?
0
What is the tens digit of 13786?
8
What is the hundreds digit of 8020?
0
What is the tens digit of 1661?
6
What is the hundreds digit of 51529?
5
What is the tens digit of 2034?
3
What is the tens digit of 20405?
0
What is the hundreds digit of 19650?
6
What is the thousands digit of 1254?
1
What is the tens digit of 3141?
4
What is the tens digit of 17314?
1
What is the thousands digit of 2714?
2
What is the units digit of 11497?
7
What is the thousands digit of 2679?
2
What is the units digit of 5459?
9
What is the units digit of 1125?
5
What is the hundreds digit of 67783?
7
What is the tens digit of 1989?
8
What is the tens digit of 26315?
1
What is the units digit of 3236?
6
What is the hundreds digit of 415?
4
What is the hundreds digit of 26930?
9
What is the tens digit of 6740?
4
What is the tens digit of 1149?
4
What is the tens digit of 14684?
8
What is the tens digit of 417?
1
What is the tens digit of 5443?
4
What is the units digit of 10343?
3
What is the units digit of 1817?
7
What is the tens digit of 73334?
3
What is the thousands digit of 1227?
1
What is the units digit of 4183?
3
What is the hundred thousands digit of 132232?
1
What is the ten thousands digit of 49757?
4
What is the hundreds digit of 37080?
0
What is the units digit of 1217?
7
What is the tens digit of 323?
2
What is the units digit of 1061?
1
What is the tens digit of 17314?
1
What is the hundreds digit of 3757?
7
What is the units digit of 1368?
8
What is the units digit of 22870?
0
What is the tens digit of 2844?
4
What is the tens digit of 1572?
7
What is the thousands digit of 3232?
3
What is the thousands digit of 3857?
3
What is the units digit of 12254?
4
What is the tens digit of 6260?
6
What is the units digit of 31232?
2
What is the tens digit of 1496?
9
What is the ten thousands digit of 10874?
1
What is the thousands digit of 22410?
2
What is the units digit of 41974?
4
What is the hundreds digit of 25118?
1
What is the ten thousands digit of 65413?
6
What is the units digit of 49851?
1
What is the hundreds digit of 33316?
3
What is the thousands digit of 7185?
7
What is the hundreds digit of 1321?
3
What is the thousands digit of 4278?
4
What is the hundreds digit of 27849?
8
What is the hundreds digit of 2908?
9
What is the tens digit of 7839?
3
What is the thousands digit of 59357?
9
What is the units digit of 9032?
2
What is the ten thousands digit of 21614?
2
What is the tens digit of 11032?
3
What is the units digit of 548?
8
What is the thousands digit of 23187?
3
What is the hundreds digit of 105413?
4
What is the hundreds digit of 9706?
7
What is the ten thousands digit of 23106?
2
What is the tens digit of 97?
9
What is the units digit of 4957?
7
What is the units digit of 485?
5
What is the tens digit of 2904?
0
What is the ten thousands digit of 25634?
2
What is the units digit of 767?
7
What is the ten thousands digit of 96356?
9
What is the thousands digit of 1156?
1
What is the thousands digit of 11614?
1
What is the units digit of 4816?
6
What is the hundreds digit of 559?
5
What is the thousands digit of 2238?
2
What is the units digit of 860?
0
What is the hundreds digit of 1516?
5
What is the units digit of 978?
8
What is the tens digit of 55881?
8
What is the hundreds digit of 2037?
0
What is the thousands digit of 5419?
5
What is the tens digit of 1846?
4
What is the hundreds digit of 769?
7
W